53 = 57. List the prime factors of k.
2, 11
Let m(u) = 3*u + 6. What are the prime factors of m(11)?
3, 13
Let o(k) = 7*k**3 + 4*k**2 + 3*k. Let w(q) = -q**2 - q. Let f(r) = o(r) + 3*w(r). What are the prime factors of f(1)?
2
Let u = 150 - 76. Suppose 5*t - u = -9. What are the prime factors of t?
13
Let z(n) = n**3 - 6*n**2 - 8*n + 7. Let d be z(7). Suppose d = g + 2 - 18. What are the prime factors of g?
2
Let b(q) = q - 2. Let n be b(6). Suppose -n*u + 3*o + 8 = 4, -4 = -o. Let d = u - 1. List the prime factors of d.
3
Let u(r) = r + 8. Let k be u(-6). Suppose 10 + 38 = 4*s. Suppose 0 = -x - k*x + s. List the prime factors of x.
2
Let n(d) = d**2 - 3*d - 2. Let y be n(3). Let x = y - -2. Suppose 3*v + 5*a = 24, x = 2*v - 5*v + 4*a - 3. What are the prime factors of v?
3
Suppose 13*u + 118 = 15*u. List the prime factors of u.
59
Let f be (1 + 0)/(4/8). Suppose 5*l - 25 = 5*v, -f*l = -4*l - 2*v - 2. Suppose 0 = -l*t + 13 + 7. What are the prime factors of t?
2, 5
Let l be (37 - 0)*1 + 2. Suppose -5*k - 2*d + 128 = 0, 5*d = 2*k - l - 18. What are the prime factors of k?
2, 13
Suppose 3*j - 9*j + 1092 = 0. What are the prime factors of j?
2, 7, 13
Let o(r) = r**2 - 5*r - 18. What are the prime factors of o(11)?
2, 3
Let t(i) = -7*i - 6. What are the prime factors of t(-4)?
2, 11
Suppose 3*a - 4*d - 6 - 4 = 0, 5*a - 45 = d. Let w = 8 + a. List the prime factors of w.
2, 3
Let l = 2 + -2. Suppose l*n - 2*n = -10. Suppose n*u = -5*r - 0*u, 8 = -4*u. List the prime factors of r.
2
Let h(o) = 46*o + 3. Let m(w) = w**2 + 4*w - 3. Let k be m(-4). Let n be h(k). What are the prime factors of 4/1*n/(-36)?
3, 5
Suppose -380 = 4*q - 92. List the prime factors of (-86)/(-18) + (-16)/q.
5
Suppose 3*p + 7 = 5*r + 1, 5*r - 5*p = 0. Suppose 35 + 52 = r*q. List the prime factors of q.
29
Let h(r) = -4*r. Let d be h(1). Suppose 3*y + 17 = 83. List the prime factors of (y/d + 0)*-2.
11
Let q = -308 + 497. What are the prime factors of q?
3, 7
Let y = 612 - 343. What are the prime factors of y?
269
Suppose -h + 14 = 4*b, -4*h - b - 4*b + 100 = 0. List the prime factors of h.
2, 3, 5
Suppose 5 = -a + 3. List the prime factors of (a + -2*1)*-1.
2
Let y = 40 + 17. What are the prime factors of y?
3, 19
Let g = 149 + -99. List the prime factors of g.
2, 5
Suppose 3*j - 204 = h - 4*h, 189 = 3*j - 2*h. Let d = 108 - j. What are the prime factors of d?
43
Suppose 0 = -3*p - 2*p + 30. Suppose 5*g - 1 + p = 0, -5*f = -5*g - 45. Let q = f - 5. What are the prime factors of q?
3
Suppose -4*y + 259 = -p + 68, -4*y + 194 = -2*p. Let h = y - 30. What are the prime factors of h?
17
Suppose 1 = 3*z + h - 1, 3*z + 3*h - 12 = 0. Let w = 3 + z. Let f = 3 + w. What are the prime factors of f?
5
Suppose 0 = 3*o + 20 - 2. Let z be 4/o - (-47)/3. Let j = -6 + z. List the prime factors of j.
3
List the prime factors of ((-8)/(-10))/2 - (-1028)/5.
2, 103
Let f = 30 + -5. Suppose -3*z + 0 = 4*u - f, -4*z + 31 = 5*u. List the prime factors of u.
7
Let c(x) = -x + 5*x + 0*x. Suppose 4*s + 4 = -4*v, 3*v - 2*v - 23 = 5*s. List the prime factors of c(v).
2, 3
Suppose 2*d - 5 = 3. Suppose b + d*s - 6 = 13, 0 = -2*b - s + 10. What are the prime factors of b?
3
Let w(d) = d**3 - 7*d**2 - 4*d - 11. Let p be w(8). Suppose 0 = 5*o - p - 9. List the prime factors of o.
2, 3
Let i(z) = 14 + 4*z - z**2 + 7*z - z. What are the prime factors of i(11)?
3
Let m = 10 + -9. Let c be m - (-2 - -1)*1. Suppose 11 = -s + c*s. List the prime factors of s.
11
Let n(r) = -5*r + 3. List the prime factors of n(-9).
2, 3
List the prime factors of (-1828)/(-36) - ((-14)/(-18) - 1).
3, 17
Suppose 29 = -4*u + 5. Let v = 13 + u. Suppose 9 = s + 5*b - 20, -3*s + v = -5*b. List the prime factors of s.
3
Let m = -55 + 91. What are the prime factors of m?
2, 3
Let u be (-58)/6 - 7/21. Let q = 23 + u. List the prime factors of q.
13
Let j be 0*(9/(-6))/3. Suppose j = 5*v - 0*v - 5*i - 60, -24 = -3*v - i. List the prime factors of v.
3
Let c = -4 - -9. Suppose 0 = 2*g - c*b - 77, b = g + 6 - 43. List the prime factors of g.
2, 3
Let z = -1 + 23. List the prime factors of z.
2, 11
Suppose -54 = 5*l - 239. What are the prime factors of l?
37
Let k = -10 - -18. Let w = k + -6. Suppose 30 = z - 5*j, -5*j = z + 12 - w. What are the prime factors of z?
2, 5
Let l be (-68)/(-20) - (-4)/(-10). Suppose -5*q + 2*m + 40 = 0, -l*q + 2 = -4*m - 36. List the prime factors of q.
2, 3
Suppose -5*j = 5*d - 380, d - 2*d + 72 = 3*j. What are the prime factors of d?
2, 3, 13
Let a be ((-3)/(-3))/((-2)/10). Let l = 23 - 12. Let w = a + l. What are the prime factors of w?
2, 3
Let t(c) = 2*c**3 + c**2 - c + 9. What are the prime factors of t(3)?
3, 23
Let z = -9 - -9. Suppose -6*f + f + 90 = z. List the prime factors of f.
2, 3
Let s = -6 + 8. Suppose k = -3*d + 10 + 17, 2*k + s*d = 54. What are the prime factors of k?
3
Suppose -j + 1 = 3. Let l = 7 + j. Suppose -l*a = 2*h - 15, -3*a + 0*h + 10 = h. What are the prime factors of a?
5
Let j(v) = -v + 4. Let z be j(-10). Suppose -4*r + 70 = 3*g, 33 = 2*g + 3*r - z. What are the prime factors of g?
2, 11
Suppose -2*a - 56 = -a. Let o = 87 + a. List the prime factors of o.
31
Let w = -13 + 4. Let t = w - -22. What are the prime factors of t?
13
Let x(f) = 3*f**2 - 3*f + 9. List the prime factors of x(-6).
3, 5
Suppose -16*j = -15*j - 20. List the prime factors of j.
2, 5
Suppose g + 5*s - 5 - 5 = 0, 3*s - 12 = 0. Let b be (-594)/(-15) - 4/g. List the prime factors of b/6*(-6)/(-4).
2, 5
Suppose 0 = -39*s + 36*s + 1272. What are the prime factors of s?
2, 53
Suppose -3*z + 12 = 3. Suppose -3*q + 40 = z*i + 2*i, -i = -q. Suppose -3*l + 47 = -i*d, 0*l - 5*d - 11 = l. What are the prime factors of l?
3
Suppose 3*i - 4*i = -71. List the prime factors of (-4)/12*(2 - i).
23
Suppose -3*q - 9 = 0, -4*w - 74 = -9*w - 2*q. Suppose 3*v - 8 - w = 0. List the prime factors of v.
2
Suppose -108 - 30 = -2*w. List the prime factors of w.
3, 23
Let t(v) = 17*v**3 - 2*v**2 + 1. Let y be t(1). Suppose -8*i - y = -12*i. What are the prime factors of i?
2
Suppose -13 = -5*r - 3*t, r = 5*r - 2*t - 6. Let u(l) = 2*l**2 + 15*l - 9. Let w be u(-8). What are the prime factors of r + (8 - w) - -1?
2, 3
Let r = 22 - 10. Let h = 21 + r. List the prime factors of h.
3, 11
Let w be 21/(-6)*1*2. Let r = -2 - w. Suppose r*g - 28 = 32. List the prime factors of g.
2, 3
Suppose -3*z + 7 = -2. List the prime factors of z/3*7 + 0.
7
Let k(o) = 5*o - 2*o + 0*o**3 - 4*o**2 - 2 + o**3. Let c be k(3). Let j = 3 - c. What are the prime factors of j?
5
Let g(m) = -34*m - 2 + 2 + 32*m. What are the prime factors of g(-10)?
2, 5
Let b(l) = 2*l**2 - l - 3. List the prime factors of b(2).
3
List the prime factors of 36/(-54)*(-198)/4.
3, 11
Let w be 2/(3*3/54). List the prime factors of (-1)/((w/63)/(-4)).
3, 7
Let n = 32 + -22. Let b = n + -8. What are the prime factors of 3 - (-3)/(b - -1)?
2
Let w(j) = 41*j**3 + j**2 + 2*j - 2. List the prime factors of w(1).
2, 3, 7
Let u(w) = w**2 + 6*w - 5. Let k be u(-7). Let x be k/6 - (-3)/(-9). List the prime factors of (2 + x)*(2 - -2).
2
List the prime factors of (-6 - -3)/(24/(-704)).
2, 11
Suppose 0 = 4*p - 5*h - 469 - 38, 0 = -3*p + 5*h + 379. List the prime factors of p.
2
List the prime factors of (-10)/(-45)*(11 - 2).
2
What are the prime factors of (-3)/2 + (-3899)/(-14)?
277
Let t = 66 + -23. List the prime factors of t.
43
Suppose v + 19 = 1. What are the prime factors of (5/(-5))/(2/v)?
3
Suppose 5*c = 35 + 125. List the prime factors of c.
2
Suppose -l + 114 = 2*k - 3*l, 4*l + 168 = 3*k. List the prime factors of k.
2, 3, 5
Let v(w) = w + 4*w - 4*w. Let r be v(2). Suppose 3*l + 4*k - r = 0, 3*l + 9 = 5*l - 5*k. List the prime factors of l.
2
Let l = -4 - 4. Suppose 5*p = -2 - 8. List the prime factors of (p - (-2)/8)*l.
2, 7
Suppose 2*w - 16 = -2*w. Suppose -w*h + 0*y + 90 = 3*y, 2*h - 52 = 2*y. Suppose -3*g = 4*o - h, 5*o + 0 = -g - 3. What are the prime factors of g?
2, 3
Let t be 2*(-2)/(-4) - -1. Suppose 3*s - 2*u - t*u + 4 = 0, 3*u = -3*s + 24. List the prime factors of s.
2
Suppose p = 2*k + 14 + 9, 4*p + 5*k - 27 = 0. What are the prime factors of (p + -14)/((-2)/26)?
13
Suppose 78 = 3*f - 51. What are the prime factors of f?
43
Let w be ((-4)/(-2))/((-3)/6). Let k be (-22)/(-10) 